w - 8/3*w**3 + 0 - 8*w**2. What is the tens digit of y(23)?
5
Let m(u) be the third derivative of 35*u**2 + 55/24*u**4 + 0*u + 1/6*u**3 + 0. What is the units digit of m(1)?
6
Let b be (-134)/26 + 14/91. What is the units digit of (-513)/b - 1/15*-6?
3
Suppose -4*b + j = -257931, b - 4*j - 62064 - 2415 = 0. What is the thousands digit of b?
4
Let o = -2463 + 3455. Suppose f - 381 = 4*u, 2*u - o = -5*f + 847. What is the tens digit of f?
6
Let k = -23164 - -35432. What is the ten thousands digit of k?
1
Suppose 0 = -0*o - o + 3. Suppose 0 = -o*p - 257 + 902. Let w = p - 145. What is the units digit of w?
0
Suppose 5*v + 0*i - i = 80, 0 = -2*v - 3*i + 15. Let p = v - 14. Suppose 0 = 2*z - 5*b - 142, -p = 5*b - 11. What is the units digit of z?
6
Suppose -4*f = 5*h - 236, 4*h + 0*h = -4*f + 188. Suppose 0*l + 6*l = -h. What is the units digit of l + 10 - (-26)/2?
5
Suppose -2*t + n = -3 - 2, -t + 4*n = 8. Suppose t*w = -0*w - 32. What is the units digit of (-89)/w - (-2)/(-16)?
1
Let l(j) = -2*j**2 - 7*j - 3. Let x be l(-2). Suppose -5*r + 4*r = x*f - 278, r + 4*f - 278 = 0. What is the units digit of r?
8
Suppose 4*x - 2*x = 3*p + 48, p = -4*x + 68. Suppose -16*h + 46 = -x*h. Let s = 32 - h. What is the units digit of s?
5
Let i = -99 - -42. Let k be 88/(-14) + (3 - i/(-21)). What is the tens digit of -4 + 88/6 - 2/k?
1
Suppose -3085629 - 1010673 = -318*i + 503250. What is the units digit of i?
4
Let t be (2/(-4))/(3/(-36)). Let x be ((-3)/t)/(5/(-40)). Suppose x*k = -3*l + 5*l + 374, -5*k + 430 = 5*l. What is the tens digit of k?
9
What is the hundreds digit of ((-416)/(-48))/(6/(2 + 11806))?
0
Let g = 4722 - 3013. What is the thousands digit of g?
1
Suppose j - 4534 - 1333 = -3*m, -4*j - 5*m + 23454 = 0. What is the thousands digit of j?
5
Suppose 4*r = 5*v + 208, 2*v + 43 = 2*r - 41. What is the tens digit of ((-32)/v)/((-4)/(-1690))?
3
Let m(k) = -k**3 - 5*k**2 + 6*k + 5. Let z be m(-6). Suppose -2*o + 2*a + 906 = 0, 5*o - z*a = -2*a + 2257. What is the hundreds digit of o?
4
Suppose -h - 2 + 6 = 0. Suppose 0 = -5*x - 4*y + 2484, 3*x - 3*y + h*y = 1496. What is the hundreds digit of x?
5
Let z = 17 - 15. Suppose 467 - 67 = z*y. What is the units digit of y?
0
Let o(h) = -1 + 5 + 2*h**3 + 27*h**2 - 20*h**2 + 4 - 14*h. What is the hundreds digit of o(6)?
6
Let o be (0 + (-10)/6)/(38/(-114)). Suppose 0 = o*i + 3*i - 16. What is the units digit of 7/(-42)*3 - (-115)/i?
7
Let z(a) = -a**2 - 9*a + 1385. Let m = -631 - -631. What is the units digit of z(m)?
5
Let w(u) = u + 2. Suppose -4*f + 5 = 1. Let r be w(f). What is the units digit of -2 + 186/r - (2 + 0)?
8
Let g = -51218 - -107247. What is the units digit of g?
9
Suppose -27*f - h - 207146 = -33*f, -34483 = -f - 5*h. What is the ten thousands digit of f?
3
Suppose 136*j + 55*j = -44*j + 13421790. What is the tens digit of j?
1
Suppose 3*f - 2*u = -5*u, f = -4*u. Suppose 3*n + 4*z = 874, f*z = -n + 2*z + 298. What is the tens digit of n?
9
Suppose -t = -4*d - 4972, -2*t = -2*d - 8927 - 1035. Suppose -56*z + t = -52*z. What is the units digit of z?
6
Let h(o) = 3*o**2 + 18*o + 16. Let z be h(-12). Suppose 2*f + 4*d - 280 = 0, -28*f + 25*f = -3*d - 393. Let i = z - f. What is the tens digit of i?
9
Suppose 6901 + 20219 = -15*q. What is the tens digit of (-30 - q) + -7 + 0?
7
Let o(b) = 27*b**2 + 53*b + 252. Let d be o(-21). What is the hundreds digit of (44/77)/(4/d)?
5
Let x(i) = -2*i + 7. Let d be x(2). Let o(q) = -16*q**3 - 36*q**3 - q**d - 2*q - q**2 + 3*q + 1. What is the units digit of o(-1)?
2
Let g(o) = -11*o**2 + 4*o - 4. Let h be g(6). Let s = h - -573. Suppose 0 = y + 95 - s. What is the hundreds digit of y?
1
Suppose 290*u - 286*u = 52. Suppose -4035 = -u*d - 2*d. What is the tens digit of d?
6
Let n = 0 + -68. Suppose 2*p - 5*w - 245 = 0, p = 4*w + 66 + 52. Let y = n + p. What is the units digit of y?
2
Suppose 3*c + 30220 - 131578 = 0. What is the thousands digit of c?
3
Let b(k) = -k**3 + 9*k**2 - 5*k + 1. Let i be 0 + 11 - (1 - -3 - 0). What is the units digit of b(i)?
4
Let v(q) = -q**3 - 4*q**2. Let o be v(-4). Suppose o = 18*f - 15*f - 12, -5*d = f - 349. What is the units digit of d?
9
Let o = -424 + 202. Let w = o + 733. What is the tens digit of w?
1
Let y(v) be the third derivative of v**6/120 + 11*v**5/30 - 41*v**4/24 + 2*v**3/3 + 7*v**2. What is the hundreds digit of y(-23)?
4
Let k(b) be the second derivative of -b**3/2 - b**2 - 4*b. Let n be k(-3). Suppose y + 186 = n*y. What is the units digit of y?
1
Suppose -1072500 = -17*v - 269*v. What is the thousands digit of v?
3
Let l = 4872 - 1664. Suppose -291*t + l = -289*t. What is the tens digit of t?
0
Let o = -131 - -144. Suppose -2*d - 9416 = -o*d. What is the units digit of d?
6
Let h(n) = -7*n**2 + 28 - 64 + 6*n + 31. Let r be h(1). What is the units digit of (-486)/(-72)*(-176)/r?
8
Let v(j) = j**3 + 6*j**2 + 5*j - 3. Let s = 43 - 49. Let z be v(s). Let x = 156 + z. What is the units digit of x?
3
Let y(k) be the first derivative of 17*k**2 + 185*k + 164. What is the tens digit of y(5)?
5
Let p = 60185 - 30309. What is the hundreds digit of p?
8
Let g be (4 - -2) + (0 - 2). Suppose -2*h + h = l, 0 = -g*l - 5*h - 2. Suppose 0 = -2*p + 2*t + l*t + 34, -p + 5*t + 32 = 0. What is the units digit of p?
7
Let c(p) = p**2 - 9*p - 5. Let o be c(10). Suppose -o*w = -1013 + 258. Suppose 0 = 3*f + 15, -2*b + 5*f = -6*b + w. What is the tens digit of b?
4
Let n = -4666 - -5370. What is the units digit of n?
4
Let x = 666 - -17784. What is the thousands digit of x?
8
Let k(r) = -2*r**2 + 58*r. Let n be k(29). Suppose n = -2*m - 169 + 367. What is the tens digit of m?
9
Suppose 48*w - 15*w = -57189. Let l = w + 2610. What is the tens digit of l?
7
Let a(o) = o**3 + 82*o**2 + 174*o + 205. What is the thousands digit of a(-78)?
0
Suppose -b + 20 = -3*s - 17, b = -s + 33. Let u = b + -31. Suppose 0 + 2 = -2*j, 0 = u*n - 4*j - 94. What is the tens digit of n?
3
Let o(c) = c**2 - 18*c - 39. Let j(i) = -17*i - 39. Let v(f) = -2*j(f) + 3*o(f). What is the units digit of v(-3)?
8
Let s be -6 + 9 + 2*2. Let u(q) = 2*q**3 - 3*q**2 - 8*q. What is the tens digit of u(s)?
8
Let l(j) = 8*j - 1. Suppose b = -3 + 6. Let k be l(b). What is the tens digit of (-406)/(-8) - k/(-92)?
5
Let h(k) = -698*k**3 - 7*k**2 + 35*k - 38. What is the thousands digit of h(-5)?
6
Suppose -2*v + 41207 = -5*u, 956*v - 958*v + 2*u = -41228. What is the tens digit of v?
2
Let r(b) be the second derivative of 39*b**3/2 + 21*b**2/2 - 21*b. What is the units digit of r(1)?
8
What is the units digit of (0 + 1)/(66/1423488)?
8
Let y be (4 - (-8)/(-2))/1. Let v(u) = -2*u**2 + u + 3. Let b be v(y). Suppose b*m - 31 - 119 = -4*n, 4*m + 5*n - 201 = 0. What is the units digit of m?
4
Let w(j) = 15*j**2 + 330*j - 3. What is the units digit of w(-32)?
7
Suppose 3*x - 12 = -m + 4*x, 26 = 3*m - x. Suppose -m*d + 2055 = 74. What is the units digit of d?
3
Let k(o) be the second derivative of 301*o**5/10 + o**4/6 - 3*o**3/2 + 3*o**2 - 2*o + 39. What is the hundreds digit of k(1)?
6
Let s = 337 - 298. Suppose 18944 = s*l - 2*l. What is the tens digit of l?
1
Suppose -w - 4*h = -5, -5*h = 6*w - w - 25. Suppose 2*b - 2*d - 1295 = -3*d, w*b + d = 3242. What is the hundreds digit of b?
6
Suppose p - 4*d + 30008 = 6*p, 2*p - 5*d = 12023. Suppose 27*b - 8*b - p = 0. What is the units digit of b?
6
Let z(d) = d**3 + d**2 - 9*d + 8. Let t be z(5). Suppose -t + 347 = 6*y. Let g = y - 5. What is the tens digit of g?
3
Suppose -1161 = -5*h + 2*n, 4*h - 942 = -0*h - 5*n. Let z = h - 39. What is the hundreds digit of z?
1
Suppose 126*l + 52 = 139*l. Suppose -2*y - 884 = -3*p - 4*y, 1510 = 5*p - 4*y. Suppose 0 = -5*z - 15, -l*d + 3*z + 1059 = p. What is the tens digit of d?
8
Suppose 8*l - 4*l + 724 = 0. Let s = 18 - 80. Let k = s - l. What is the units digit of k?
9
Let p be 5 + -4 + 31/(-1). Let y be (72/p)/(2/(-3265)). What is the units digit of y/21 + (-8)/28*2?
6
Let k be -1*(7 - 10)/3. Let z(s) = s**3 - 6*s**2 + 8*s - 7. Let w be z(5). Let x = k + w. What is the units digit of x?
9
Let w(k) = -36*k + 1540. What is the units digit of w(39)?
6
Suppose -70*c + 38*c + 40*c - 127960 = 0. What is the tens digit of c?
9
Let g = 874 + -250. Let c = -68 + g. What is the hundreds digit of c?
5
S